{"id":11,"date":"2023-06-06T09:27:16","date_gmt":"2023-06-06T09:27:16","guid":{"rendered":"http:\/\/quedamosparauncafe.com\/?page_id=11"},"modified":"2023-06-06T09:27:17","modified_gmt":"2023-06-06T09:27:17","slug":"politica-de-cookies","status":"publish","type":"page","link":"http:\/\/quedamosparauncafe.com\/index.php\/politica-de-cookies\/","title":{"rendered":"Pol\u00edtica de cookies"},"content":{"rendered":"\n<h3 class=\"wp-block-heading has-small-font-size\">Esta p\u00e1gina web utiliza cookies que se utilizan y habilitar cookies individuales en sus respectivas categor\u00edas. Se puede establecer la configuraci\u00f3n en cualquier momento entrando al enlace que se encuentra en el pie de p\u00e1gina de este sitio web.<\/h3>\n\n\n\n<p class=\"has-small-font-size\">Aviso legal<\/p>\n\n\n\n<p class=\"has-small-font-size\">Pol\u00edtica de privacidad<\/p>\n\n\n\n<p class=\"has-small-font-size\">Estrictamente necesarias<\/p>\n\n\n\n<p class=\"has-small-font-size\">Rendimiento<\/p>\n\n\n\n<p class=\"has-small-font-size\">Funcionamiento<\/p>\n\n\n\n<h3 class=\"wp-block-heading has-medium-font-size\"><strong>Estrictamente necesarias<\/strong><\/h3>\n\n\n\n<p class=\"has-small-font-size\">Las cookies estrictamente necesarias garantizan funciones que son indispensables para el funcionamiento adecuado de la p\u00e1gina web. Como resultado, estas cookies no pueden desactivarse. Se utilizan de forma exclusiva en esta p\u00e1gina web y, por lo tanto, son cookies propias. Esto significa que toda la informaci\u00f3n almacenada en las cookies solo se mandar\u00e1 a esta web.<\/p>\n\n\n\n<p class=\"has-small-font-size\">No existen cookies en esta categor\u00eda<\/p>\n\n\n\n<h3 class=\"wp-block-heading has-medium-font-size\"><strong>Funcionamiento<\/strong><\/h3>\n\n\n\n<p class=\"has-small-font-size\">Las cookies de funcionamiento permiten que esta p\u00e1gina web pueda ofrecer ciertas opciones y guardar la informaci\u00f3n ya proporcionada (como el nombre o la selecci\u00f3n del idioma) para brindar funciones mejoradas y m\u00e1s personalizadas.<\/p>\n\n\n\n<p class=\"has-medium-font-size\"><strong>Youtube<\/strong><\/p>\n\n\n\n<p class=\"has-small-font-size\">Estas cookies se establecen a trav\u00e9s de v\u00eddeos de YouTube. Registran datos estad\u00edsticos an\u00f3nimos, p. ej., cada cu\u00e1nto se muestra un v\u00eddeo y qu\u00e9 ajustes se usan para reproducirlos. No se recopila informaci\u00f3n sensible, excepto que el usuario inicie sesi\u00f3n en su cuenta de Google. En este caso, se asocian sus selecciones con su cuenta, como cuando hace clic en \u00abMe gusta\u00bb en un v\u00eddeo. Para obtener m\u00e1s informaci\u00f3n, se puede consultar la Pol\u00edtica de privacidad de Google. Proveedor: Google LLC, 1600 Amphitheatre Parkway, Mountain View, CA 94043, USA; o, para residentes de la UE, Google Ireland Limited, Gordon House, Barrow Street, Dublin 4, Ireland. Nombre y duraci\u00f3n de las cookies: YSC(v\u00e1lida para una sesi\u00f3n).<\/p>\n\n\n\n<p>Pol\u00edtica de cookies<\/p>\n\n\n\n<p>Pol\u00edtica de privacidad<\/p>\n\n\n\n<h3 class=\"wp-block-heading has-medium-font-size\"><strong>Marketing \/ Terceros<\/strong><\/h3>\n\n\n\n<p class=\"has-small-font-size\">Las cookies de marketing o de terceros provienen de empresas de publicidad externas (entre otras) y se utilizan para recopilar informaci\u00f3n sobre las p\u00e1ginas web que los usuarios visitan; por ejemplo, para crear publicidad personalizada.<\/p>\n\n\n\n<p class=\"has-small-font-size\">No existen cookies en esta categor\u00eda<\/p>\n\n\n\n<h3 class=\"wp-block-heading has-medium-font-size\"><strong>Rendimiento<\/strong><\/h3>\n\n\n\n<p class=\"has-small-font-size\">Las cookies de rendimiento recopilan informaci\u00f3n sobre el uso de una p\u00e1gina web. Se utilizan para entender mejor el funcionamiento de una p\u00e1gina web y poder mejorar su apariencia, contenido y funcionalidad.<\/p>\n\n\n\n<p class=\"has-medium-font-size\"><strong>Google Analytics<\/strong><\/p>\n\n\n\n<p class=\"has-small-font-size\">Estas cookies recopilan informaci\u00f3n an\u00f3nima con motivos de an\u00e1lisis, como ver el uso y la interacci\u00f3n de los visitantes con esta p\u00e1gina web. Proveedor: Google LLC, 1600 Amphitheatre Parkway, Mountain View, CA 94043, USA; o, para residentes de la UE, Google Ireland Limited, Gordon House, Barrow Street, Dublin 4, Ireland. Nombre de la cookie:_ga, _gat and _gid) Duraci\u00f3n de la cookie: 2 a\u00f1os<\/p>\n","protected":false},"excerpt":{"rendered":"<p>Esta p\u00e1gina web utiliza cookies que se utilizan y habilitar cookies individuales en sus respectivas categor\u00edas. Se puede establecer la configuraci\u00f3n en cualquier momento entrando al enlace que se encuentra en el pie de p\u00e1gina de este sitio web. Aviso legal Pol\u00edtica de privacidad Estrictamente necesarias Rendimiento Funcionamiento Estrictamente necesarias Las cookies estrictamente necesarias garantizan [&hellip;]<\/p>\n","protected":false},"author":1,"featured_media":0,"parent":0,"menu_order":0,"comment_status":"closed","ping_status":"closed","template":"","meta":{"_joinchat":[],"footnotes":""},"class_list":["post-11","page","type-page","status-publish","hentry"],"_links":{"self":[{"href":"http:\/\/quedamosparauncafe.com\/index.php\/wp-json\/wp\/v2\/pages\/11","targetHints":{"allow":["GET"]}}],"collection":[{"href":"http:\/\/quedamosparauncafe.com\/index.php\/wp-json\/wp\/v2\/pages"}],"about":[{"href":"http:\/\/quedamosparauncafe.com\/index.php\/wp-json\/wp\/v2\/types\/page"}],"author":[{"embeddable":true,"href":"http:\/\/quedamosparauncafe.com\/index.php\/wp-json\/wp\/v2\/users\/1"}],"replies":[{"embeddable":true,"href":"http:\/\/quedamosparauncafe.com\/index.php\/wp-json\/wp\/v2\/comments?post=11"}],"version-history":[{"count":1,"href":"http:\/\/quedamosparauncafe.com\/index.php\/wp-json\/wp\/v2\/pages\/11\/revisions"}],"predecessor-version":[{"id":12,"href":"http:\/\/quedamosparauncafe.com\/index.php\/wp-json\/wp\/v2\/pages\/11\/revisions\/12"}],"wp:attachment":[{"href":"http:\/\/quedamosparauncafe.com\/index.php\/wp-json\/wp\/v2\/media?parent=11"}],"curies":[{"name":"wp","href":"https:\/\/api.w.org\/{rel}","templated":true}]}}